{"id":116,"date":"2023-05-22T09:43:16","date_gmt":"2023-05-22T12:43:16","guid":{"rendered":"https:\/\/secretarias.fceqyn.unam.edu.ar\/secidi\/?page_id=116"},"modified":"2025-12-17T09:38:59","modified_gmt":"2025-12-17T12:38:59","slug":"reglamentos","status":"publish","type":"page","link":"https:\/\/secretarias.fceqyn.unam.edu.ar\/secidi\/reglamentos\/","title":{"rendered":"Reglamentos"},"content":{"rendered":"\t\t<div data-elementor-type=\"wp-page\" data-elementor-id=\"116\" class=\"elementor elementor-116\" data-elementor-post-type=\"page\">\n\t\t\t\t\t\t<section data-particle_enable=\"false\" data-particle-mobile-disabled=\"false\" class=\"elementor-section elementor-top-section elementor-element elementor-element-1c5b61e elementor-section-boxed elementor-section-height-default elementor-section-height-default\" data-id=\"1c5b61e\" data-element_type=\"section\">\n\t\t\t\t\t\t<div class=\"elementor-container elementor-column-gap-default\">\n\t\t\t\t\t<div class=\"elementor-column elementor-col-100 elementor-top-column elementor-element elementor-element-89c074f\" data-id=\"89c074f\" data-element_type=\"column\">\n\t\t\t<div class=\"elementor-widget-wrap elementor-element-populated\">\n\t\t\t\t\t\t<div class=\"elementor-element elementor-element-539b3a0 elementor-widget elementor-widget-text-editor\" data-id=\"539b3a0\" data-element_type=\"widget\" data-widget_type=\"text-editor.default\">\n\t\t\t\t<div class=\"elementor-widget-container\">\n\t\t\t<style>\/*! elementor - v3.20.0 - 20-03-2024 *\/\n.elementor-widget-text-editor.elementor-drop-cap-view-stacked .elementor-drop-cap{background-color:#69727d;color:#fff}.elementor-widget-text-editor.elementor-drop-cap-view-framed .elementor-drop-cap{color:#69727d;border:3px solid;background-color:transparent}.elementor-widget-text-editor:not(.elementor-drop-cap-view-default) .elementor-drop-cap{margin-top:8px}.elementor-widget-text-editor:not(.elementor-drop-cap-view-default) .elementor-drop-cap-letter{width:1em;height:1em}.elementor-widget-text-editor .elementor-drop-cap{float:left;text-align:center;line-height:1;font-size:50px}.elementor-widget-text-editor .elementor-drop-cap-letter{display:inline-block}<\/style>\t\t\t\t<ul><li>Reglamento del Aux. de Investigaci\u00f3n (Alumno) Ad-Hon. y del Investigador en Formaci\u00f3n (Graduado) Ad-Hon. &#8211; <a href=\"https:\/\/secretarias.fceqyn.unam.edu.ar\/secidi\/wp-content\/uploads\/sites\/2\/2023\/02\/Reglamento-Auxiliar-Investigacion_Re-CD_188-09.pdf\">Descargar<\/a><\/li><li>Manual de Procedimientos para la Implementaci\u00f3n de Incentivos &#8211; <a href=\"https:\/\/secretarias.fceqyn.unam.edu.ar\/secidi\/wp-content\/uploads\/sites\/2\/2023\/02\/Manual-de-Procedimiento_Res-ME_1879-08.pdf\">Descargar<\/a><\/li><li><a href=\"https:\/\/secretarias.fceqyn.unam.edu.ar\/secidi\/wp-content\/uploads\/sites\/2\/2023\/02\/Normativa-Implem-Trabajos-Independientes-Investigacion.pdf\">Normativa para la Implementaci\u00f3n de Trabajos Independientes de Investigaci\u00f3n<\/a>\u00a0&#8211;\u00a0<a href=\"https:\/\/secretarias.fceqyn.unam.edu.ar\/secidi\/wp-content\/uploads\/sites\/2\/2023\/02\/Trabajos-Independientes-Investigacion_Res-CD_181-10.pdf\">Res. CD 181-10<\/a> &#8211;\u00a0<a href=\"https:\/\/secretarias.fceqyn.unam.edu.ar\/secidi\/wp-content\/uploads\/sites\/2\/2023\/02\/Planillas-Trabajos_2011.xls\">Planilla de Presentaci\u00f3n de Trabajos<\/a> &#8211; <a href=\"https:\/\/secretarias.fceqyn.unam.edu.ar\/secidi\/wp-content\/uploads\/sites\/2\/2023\/02\/Planilla-de-Evaluacion.xls\">Planilla de Evaluaci\u00f3n de Trabajos<\/a><\/li><li>Reglamento para la Presentaci\u00f3n de Programas de Investigaci\u00f3n &#8211;\u00a0<a href=\"https:\/\/secretarias.fceqyn.unam.edu.ar\/secidi\/wp-content\/uploads\/sites\/2\/2023\/02\/Reglamento-Presentacion-Programas-Invest_Res-CD_359-10.pdf\">Res. CD 359-10<\/a> &#8211; <a href=\"https:\/\/secretarias.fceqyn.unam.edu.ar\/secidi\/wp-content\/uploads\/sites\/2\/2023\/02\/Anexo-I-Formulario_Res-CD_359-10.pdf\">Formulario<\/a><\/li><li>C\u00f3digo de Buenas Pr\u00e1cticas Cient\u00edficas &#8211; <a href=\"https:\/\/secretarias.fceqyn.unam.edu.ar\/secidi\/wp-content\/uploads\/sites\/2\/2023\/02\/Codigo-Buenas-Practicas-Cientificas_Res__045-06.pdf\">Res. CD 045-06<\/a><\/li><li>Sistema de Acreditaci\u00f3n y Registro de Proyectos &#8211;\u00a0<a href=\"https:\/\/secretarias.fceqyn.unam.edu.ar\/secidi\/wp-content\/uploads\/sites\/2\/2023\/02\/Sistema-Acreditacion-Proyectos_Res-CS_040-12-1.pdf\">Res. CS N\u00ba 040-12<\/a> &#8211; <a href=\"https:\/\/secretarias.fceqyn.unam.edu.ar\/secidi\/wp-content\/uploads\/sites\/2\/2023\/02\/Sistema-Acreditacion-Proyectos_Res-CS_040-12-2.pdf\">Anexo Res. CS N\u00ba 040-12<\/a><\/li><li>Reglamento Creaci\u00f3n de Laboratorio de Investigaci\u00f3n &#8211;\u00a0<a href=\"https:\/\/secretarias.fceqyn.unam.edu.ar\/secidi\/wp-content\/uploads\/sites\/2\/2023\/02\/Reglamento-Creacion-Laboratorios-Invest_Res-CD_353-12.pdf\">Res. CD 353-12<\/a> &#8211; <a href=\"https:\/\/secretarias.fceqyn.unam.edu.ar\/secidi\/wp-content\/uploads\/sites\/2\/2023\/02\/Anexo-1_Reglamento-Laboratorios_Res-CD_353-12.doc\">Anexo I Res. CD 353-12<\/a><\/li><li>Reglamento para Convalidaci\u00f3n de Proy. de Investigaci\u00f3n con Financ. Externo &#8211; <a href=\"https:\/\/secretarias.fceqyn.unam.edu.ar\/secidi\/wp-content\/uploads\/sites\/2\/2023\/02\/Reglamento-Convalidacion_Ord_119-14.pdf\">Ord. 119-14<\/a><\/li><li>Reglamento para Homogenizaci\u00f3n de Becas de Alumnos &#8211; <a href=\"https:\/\/secretarias.fceqyn.unam.edu.ar\/secidi\/wp-content\/uploads\/sites\/2\/2023\/02\/Reglamento-Homogenizacion-Becas-Alumnos_Ord_120-14.pdf\">Ord. 120-14<\/a><\/li><li>Reglamento de las Actividades de CyT en la UNaM &#8211; <a href=\"https:\/\/secretarias.fceqyn.unam.edu.ar\/secidi\/wp-content\/uploads\/sites\/2\/2023\/02\/Ordenanza_082_16_Nuevo_Reglamernto_CyT.compressed.pdf\">Ord. 082-16<\/a><\/li><li>Modificatoria Ord. 082-16- Sobre Direccion Laboratorios\/Institutos &#8211; <a href=\"https:\/\/secretarias.fceqyn.unam.edu.ar\/secidi\/wp-content\/uploads\/sites\/2\/2023\/02\/Resol._542-21_Modificacion_Aet_43_y_47_Ord_082-16.pdf\">Res. 542-21<\/a><\/li><li>Modificatoria Ord. 082-16- Sobre Ampliacion de Evaluadores y Categorias &#8211; <a href=\"http:\/\/secretarias.fceqyn.unam.edu.ar\/secidi\/wp-content\/uploads\/sites\/2\/2025\/12\/resolucion_cs_115-21-AMPLIACION-DE-EVALUADORES.pdf\">Resolucion_CS_115-21 <\/a><\/li><li>Modificatoria Art. 10 &#8211; Ord. 082-16 &#8211; Sobre Direccion de Proyectos &#8211; <a href=\"http:\/\/secretarias.fceqyn.unam.edu.ar\/secidi\/wp-content\/uploads\/sites\/2\/2025\/04\/Ord-CS-02-25-Modificacion-Art-10-Ord.-082-16.pdf\">Ord CS 02-25 <\/a><\/li><li>Cronograma y Circuito de Actividades CyT Resolucion_ 0371_17 &#8211; <a href=\"https:\/\/secretarias.fceqyn.unam.edu.ar\/secidi\/wp-content\/uploads\/sites\/2\/2023\/02\/Cronograma_y_Curcuito_de_Actibidades_cyt_Resolucion__0371_17.pdf\">Descargar<\/a><\/li><li>Plan Estrategico CyT de la UNaM 2016 Resolucion 880_16 &#8211; <a href=\"https:\/\/secretarias.fceqyn.unam.edu.ar\/secidi\/wp-content\/uploads\/sites\/2\/2023\/02\/Res_880_y_ResCS_046-16.pdf\">Descargar<\/a><\/li><li>Plan Estrategico CyT de la UNaM 2018 Resolucion\u00a0104_18 &#8211; Descargar<\/li><li>Reglamento Gral. de Act. de Vincul, Transf. y Prop. Intelectual &#8211; Ordenanza 065\/19 &#8211; <a href=\"https:\/\/secretarias.fceqyn.unam.edu.ar\/secidi\/wp-content\/uploads\/sites\/2\/2023\/02\/Reglamento_Gral_de_VinculacionTransferencia_y_Prop_Intelectual.pdf\">Descargar<\/a><\/li><li><a href=\"https:\/\/secretarias.fceqyn.unam.edu.ar\/secidi\/wp-content\/uploads\/sites\/2\/2023\/02\/ORDENANZA_No_048_-_RED_DE_LABORATORIOS_UNaM.pdf\">Ordenanza 048-19<\/a>\u00a0y la\u00a0<a href=\"https:\/\/secretarias.fceqyn.unam.edu.ar\/secidi\/wp-content\/uploads\/sites\/2\/2023\/02\/Res_Rect_076_2020_Pautas_Red_Laboratorios_compressed.pdf\">Resoluci\u00f3n Rectoral 076-20<\/a> <a href=\"https:\/\/secretarias.fceqyn.unam.edu.ar\/secidi\/wp-content\/uploads\/sites\/2\/2023\/02\/Ordenanza_021-2021_filiacion_personal.pdf\">Descargar<\/a> que rigen la incorporaci\u00f3n de laboratorios a la red.<\/li><li>Filiacion del personal con dependencia de la UNaM &#8211;\u00a0Ordenanza 021\/21 &#8211; <a href=\"http:\/\/www.fceqyn.unam.edu.ar\/secip\/files\/reglamentos\/Ordenanza_021-2021_filiacion_personal.pdf\">Descargar<\/a><\/li><\/ul>\t\t\t\t\t\t<\/div>\n\t\t\t\t<\/div>\n\t\t\t\t\t<\/div>\n\t\t<\/div>\n\t\t\t\t\t<\/div>\n\t\t<\/section>\n\t\t\t\t<\/div>\n\t\t","protected":false},"excerpt":{"rendered":"<p>Reglamento del Aux. de Investigaci\u00f3n (Alumno) Ad-Hon. y del Investigador en Formaci\u00f3n (Graduado) Ad-Hon. &#8211; Descargar Manual de Procedimientos para la Implementaci\u00f3n de Incentivos &#8211; Descargar Normativa para la Implementaci\u00f3n de Trabajos Independientes de Investigaci\u00f3n\u00a0&#8211;\u00a0Res. CD 181-10 &#8211;\u00a0Planilla de Presentaci\u00f3n de Trabajos &#8211; Planilla de Evaluaci\u00f3n de Trabajos Reglamento para la Presentaci\u00f3n de Programas de [&hellip;]<\/p>\n","protected":false},"author":1,"featured_media":0,"parent":0,"menu_order":0,"comment_status":"closed","ping_status":"closed","template":"","meta":[],"_links":{"self":[{"href":"https:\/\/secretarias.fceqyn.unam.edu.ar\/secidi\/wp-json\/wp\/v2\/pages\/116"}],"collection":[{"href":"https:\/\/secretarias.fceqyn.unam.edu.ar\/secidi\/wp-json\/wp\/v2\/pages"}],"about":[{"href":"https:\/\/secretarias.fceqyn.unam.edu.ar\/secidi\/wp-json\/wp\/v2\/types\/page"}],"author":[{"embeddable":true,"href":"https:\/\/secretarias.fceqyn.unam.edu.ar\/secidi\/wp-json\/wp\/v2\/users\/1"}],"replies":[{"embeddable":true,"href":"https:\/\/secretarias.fceqyn.unam.edu.ar\/secidi\/wp-json\/wp\/v2\/comments?post=116"}],"version-history":[{"count":25,"href":"https:\/\/secretarias.fceqyn.unam.edu.ar\/secidi\/wp-json\/wp\/v2\/pages\/116\/revisions"}],"predecessor-version":[{"id":1239,"href":"https:\/\/secretarias.fceqyn.unam.edu.ar\/secidi\/wp-json\/wp\/v2\/pages\/116\/revisions\/1239"}],"wp:attachment":[{"href":"https:\/\/secretarias.fceqyn.unam.edu.ar\/secidi\/wp-json\/wp\/v2\/media?parent=116"}],"curies":[{"name":"wp","href":"https:\/\/api.w.org\/{rel}","templated":true}]}}