{"id":197,"date":"2024-03-20T09:00:46","date_gmt":"2024-03-20T12:00:46","guid":{"rendered":"https:\/\/secretarias.fceqyn.unam.edu.ar\/extension\/?page_id=197"},"modified":"2024-11-08T12:14:06","modified_gmt":"2024-11-08T15:14:06","slug":"presentacion-de-proyectos-de-extension","status":"publish","type":"page","link":"https:\/\/secretarias.fceqyn.unam.edu.ar\/extension\/presentacion-de-proyectos-de-extension\/","title":{"rendered":"Presentaci\u00f3n de Proyectos de Extensi\u00f3n"},"content":{"rendered":"\t\t<div data-elementor-type=\"wp-page\" data-elementor-id=\"197\" class=\"elementor elementor-197\" data-elementor-post-type=\"page\">\n\t\t\t\t<div data-particle_enable=\"false\" data-particle-mobile-disabled=\"false\" class=\"elementor-element elementor-element-fb7132f e-flex e-con-boxed e-con e-parent\" data-id=\"fb7132f\" data-element_type=\"container\" data-core-v316-plus=\"true\">\n\t\t\t\t\t<div class=\"e-con-inner\">\n\t\t\t\t<div class=\"elementor-element elementor-element-9337da6 elementor-widget elementor-widget-text-editor\" data-id=\"9337da6\" data-element_type=\"widget\" data-widget_type=\"text-editor.default\">\n\t\t\t\t<div class=\"elementor-widget-container\">\n\t\t\t<style>\/*! elementor - v3.20.0 - 20-03-2024 *\/\n.elementor-widget-text-editor.elementor-drop-cap-view-stacked .elementor-drop-cap{background-color:#69727d;color:#fff}.elementor-widget-text-editor.elementor-drop-cap-view-framed .elementor-drop-cap{color:#69727d;border:3px solid;background-color:transparent}.elementor-widget-text-editor:not(.elementor-drop-cap-view-default) .elementor-drop-cap{margin-top:8px}.elementor-widget-text-editor:not(.elementor-drop-cap-view-default) .elementor-drop-cap-letter{width:1em;height:1em}.elementor-widget-text-editor .elementor-drop-cap{float:left;text-align:center;line-height:1;font-size:50px}.elementor-widget-text-editor .elementor-drop-cap-letter{display:inline-block}<\/style>\t\t\t\t<p>Un <strong>Proyecto de Extensi\u00f3n<\/strong> se define como la <strong>transferencia<\/strong> al entorno extra-institucional de los conocimientos y producidos por la actividad Acad\u00e9mica y de investigaci\u00f3n mediante su adaptaci\u00f3n. De manera que se produzca un enriquecimiento rec\u00edproco en Interrelaci\u00f3n Universidad \u2013 Comunidad.<\/p><div class=\"wp-block-spacer\" aria-hidden=\"true\">\u00a0<\/div><p>Los Proyectos de Extensi\u00f3n tendr\u00e1n como objetivo <strong>identificar <\/strong>las demandas de la sociedad y comunidad universitaria y coordinar las correspondientes acciones de transferencia, para las cuales deber\u00e1 reorientar y recrear actividades de docencia e investigaci\u00f3n a partir de la interacci\u00f3n en un contexto determinado.<\/p><div class=\"wp-block-spacer\" aria-hidden=\"true\">\u00a0<\/div><p>Los proyectos de Extensi\u00f3n deber\u00e1n generar procesos din\u00e1micos de trabajo, resultado de la interacci\u00f3n entre la Universidad y el Medio.<\/p><div class=\"wp-block-spacer\" aria-hidden=\"true\">\u00a0<\/div><ul><li><a href=\"\/extension\/wp-content\/uploads\/sites\/4\/2024\/05\/Reglamento-Extension_Res-CD_100-12.pdf\" target=\"_blank\" rel=\"noopener\">Reglamento Actividades de Extensi\u00f3n Res. 100\/12<\/a><\/li><li><a href=\"\/extension\/wp-content\/uploads\/sites\/4\/2024\/05\/formulario_proyecto_extension.doc\" target=\"_blank\" rel=\"noopener\">Formulario para Presentaci\u00f3n de Proyectos<\/a><\/li><li><a href=\"\/extension\/wp-content\/uploads\/sites\/4\/2024\/05\/formulario_programa_extension.doc\" target=\"_blank\" rel=\"noopener\">Formulario de Programa de Extensi\u00f3n<\/a><\/li><li><a href=\"\/extension\/wp-content\/uploads\/sites\/4\/2024\/05\/form_registro_act_transferencia.doc\" target=\"_blank\" rel=\"noopener\">Formulario de Registro Oficial de Actividades de Transferencia<\/a><\/li><li><a href=\"\/extension\/wp-content\/uploads\/sites\/4\/2024\/05\/NOTA_MODELO_Pedido_Beca_Contrato.doc\" target=\"_blank\" rel=\"noopener\">NOTA MODELO Pedido de Contrato o Beca. Sec de Extensi\u00f3n<\/a><\/li><li><a href=\"\/extension\/wp-content\/uploads\/sites\/4\/2024\/05\/Instructivo-Rendicion-de-Fondos-Resol-036.06.pdf\" target=\"_blank\" rel=\"noopener\">Instructivo Rendici\u00f3n de Fondos Resol 036.06<\/a><\/li><\/ul>\t\t\t\t\t\t<\/div>\n\t\t\t\t<\/div>\n\t\t\t\t\t<\/div>\n\t\t\t\t<\/div>\n\t\t\t\t<\/div>\n\t\t","protected":false},"excerpt":{"rendered":"<p>Un Proyecto de Extensi\u00f3n se define como la transferencia al entorno extra-institucional de los conocimientos y producidos por la actividad Acad\u00e9mica y de investigaci\u00f3n mediante su adaptaci\u00f3n. De manera que se produzca un enriquecimiento rec\u00edproco en Interrelaci\u00f3n Universidad \u2013 Comunidad. \u00a0 Los Proyectos de Extensi\u00f3n tendr\u00e1n como objetivo identificar las demandas de la sociedad y [&hellip;]<\/p>\n","protected":false},"author":1,"featured_media":0,"parent":0,"menu_order":0,"comment_status":"closed","ping_status":"closed","template":"","meta":[],"_links":{"self":[{"href":"https:\/\/secretarias.fceqyn.unam.edu.ar\/extension\/wp-json\/wp\/v2\/pages\/197"}],"collection":[{"href":"https:\/\/secretarias.fceqyn.unam.edu.ar\/extension\/wp-json\/wp\/v2\/pages"}],"about":[{"href":"https:\/\/secretarias.fceqyn.unam.edu.ar\/extension\/wp-json\/wp\/v2\/types\/page"}],"author":[{"embeddable":true,"href":"https:\/\/secretarias.fceqyn.unam.edu.ar\/extension\/wp-json\/wp\/v2\/users\/1"}],"replies":[{"embeddable":true,"href":"https:\/\/secretarias.fceqyn.unam.edu.ar\/extension\/wp-json\/wp\/v2\/comments?post=197"}],"version-history":[{"count":25,"href":"https:\/\/secretarias.fceqyn.unam.edu.ar\/extension\/wp-json\/wp\/v2\/pages\/197\/revisions"}],"predecessor-version":[{"id":723,"href":"https:\/\/secretarias.fceqyn.unam.edu.ar\/extension\/wp-json\/wp\/v2\/pages\/197\/revisions\/723"}],"wp:attachment":[{"href":"https:\/\/secretarias.fceqyn.unam.edu.ar\/extension\/wp-json\/wp\/v2\/media?parent=197"}],"curies":[{"name":"wp","href":"https:\/\/api.w.org\/{rel}","templated":true}]}}