{"id":4898,"date":"2017-11-22T14:47:23","date_gmt":"2017-11-22T14:47:23","guid":{"rendered":"http:\/\/www.fceqyn.unam.edu.ar\/academica\/?page_id=4898"},"modified":"2025-12-15T11:23:59","modified_gmt":"2025-12-15T14:23:59","slug":"informe-docente","status":"publish","type":"page","link":"https:\/\/secretarias.fceqyn.unam.edu.ar\/academica\/secretaria-de-academica\/docentes\/carrera-docente\/informe-docente\/","title":{"rendered":"Informe Docente"},"content":{"rendered":"\n<p>Anexo III &#8211; A &#8211; Informe Docente: Perfil de Ense\u00f1anza, Investigaci\u00f3n y Extensi\u00f3n -. <strong><a href=\"https:\/\/secretarias.fceqyn.unam.edu.ar\/academica\/wp-content\/uploads\/sites\/5\/2025\/12\/ANEXO-III-A-InformeDocente.doc\" target=\"_blank\" rel=\"noreferrer noopener\">Descargar<\/a><\/strong><\/p>\n\n\n\n<p>Anexo III &#8211; B &#8211; Informe Docente: Perfil de Ense\u00f1anza e Investigaci\u00f3n &#8211; <strong><a href=\"https:\/\/secretarias.fceqyn.unam.edu.ar\/academica\/wp-content\/uploads\/sites\/5\/2025\/12\/ANEXO-III-B-Informe-Docente.doc\" target=\"_blank\" rel=\"noreferrer noopener\">Descargar<\/a><\/strong><\/p>\n\n\n\n<p>Anexo III &#8211; C &#8211; Informe Docente: Perfil de Ense\u00f1anza y Extensi\u00f3n. &#8211; <strong><a href=\"https:\/\/secretarias.fceqyn.unam.edu.ar\/academica\/wp-content\/uploads\/sites\/5\/2025\/12\/ANEXO-III-C-Informe-Docente.doc\" target=\"_blank\" rel=\"noreferrer noopener\">Descargar<\/a><\/strong><\/p>\n\n\n\n<p><strong><a href=\"https:\/\/secretarias.fceqyn.unam.edu.ar\/academica\/wp-content\/uploads\/sites\/5\/2025\/12\/610-2023-CRONOGRAMA-Carrera-Docente-2024.pdf\" target=\"_blank\" rel=\"noreferrer noopener\">Consultar Fecha de Presentaci\u00f3n (Res CD N\u00ba 610\/23)<\/a><\/strong><\/p>\n\n\n\n<p><strong><a href=\"https:\/\/secretarias.fceqyn.unam.edu.ar\/academica\/wp-content\/uploads\/sites\/5\/2025\/12\/19482023-prorroga-planes-departamentales-carrera-docente.pdf\" target=\"_blank\" rel=\"noreferrer noopener\">Prorroga Planes Departamentales 2024-2027 (Disp. Ad Referendum N\u00ba 1948\/23)<\/a><\/strong><\/p>\n\n\n\n<p><strong><a href=\"https:\/\/secretarias.fceqyn.unam.edu.ar\/academica\/wp-content\/uploads\/sites\/5\/2025\/12\/Modelo-Nota-Elevacion-Informes-Docentes.doc\" target=\"_blank\" rel=\"noreferrer noopener\">Modelo Nota Elevaci\u00f3n Informe Docente<\/a><\/strong><\/p>\n","protected":false},"excerpt":{"rendered":"<p>Anexo III &#8211; A &#8211; Informe Docente: Perfil de Ense\u00f1anza, Investigaci\u00f3n y Extensi\u00f3n -. Descargar Anexo III &#8211; B &#8211; Informe Docente: Perfil de Ense\u00f1anza e Investigaci\u00f3n &#8211; Descargar Anexo III &#8211; C &#8211; Informe Docente: Perfil de Ense\u00f1anza y Extensi\u00f3n. &#8211; Descargar Consultar Fecha de Presentaci\u00f3n (Res CD N\u00ba 610\/23) Prorroga Planes Departamentales 2024-2027 [&hellip;]<\/p>\n","protected":false},"author":1,"featured_media":0,"parent":3030,"menu_order":0,"comment_status":"closed","ping_status":"closed","template":"templates\/template-threecolumns-center.php","meta":[],"_links":{"self":[{"href":"https:\/\/secretarias.fceqyn.unam.edu.ar\/academica\/wp-json\/wp\/v2\/pages\/4898"}],"collection":[{"href":"https:\/\/secretarias.fceqyn.unam.edu.ar\/academica\/wp-json\/wp\/v2\/pages"}],"about":[{"href":"https:\/\/secretarias.fceqyn.unam.edu.ar\/academica\/wp-json\/wp\/v2\/types\/page"}],"author":[{"embeddable":true,"href":"https:\/\/secretarias.fceqyn.unam.edu.ar\/academica\/wp-json\/wp\/v2\/users\/1"}],"replies":[{"embeddable":true,"href":"https:\/\/secretarias.fceqyn.unam.edu.ar\/academica\/wp-json\/wp\/v2\/comments?post=4898"}],"version-history":[{"count":2,"href":"https:\/\/secretarias.fceqyn.unam.edu.ar\/academica\/wp-json\/wp\/v2\/pages\/4898\/revisions"}],"predecessor-version":[{"id":8364,"href":"https:\/\/secretarias.fceqyn.unam.edu.ar\/academica\/wp-json\/wp\/v2\/pages\/4898\/revisions\/8364"}],"up":[{"embeddable":true,"href":"https:\/\/secretarias.fceqyn.unam.edu.ar\/academica\/wp-json\/wp\/v2\/pages\/3030"}],"wp:attachment":[{"href":"https:\/\/secretarias.fceqyn.unam.edu.ar\/academica\/wp-json\/wp\/v2\/media?parent=4898"}],"curies":[{"name":"wp","href":"https:\/\/api.w.org\/{rel}","templated":true}]}}